 = -3*u + 8. Give l(u).
-7
Let q(a) = a**3 + 20*a**2 + 19*a + 25. Let s be q(-19). Let c = s - 21. Let w(d) = -d**3 + 4*d**2 + d + 5. Calculate w(c).
9
Let m be ((-18)/(-4) - 4)*-2. Let v(n) = -2*n**3 - n**2 + 1. Calculate v(m).
2
Let n(i) = 6*i**3 + i + 1 + 3*i**2 + 0*i**2 - 2*i**2. Calculate n(-1).
-5
Let d(j) = 4*j**2 - 1. Let m(n) = -n + 11. Let f be m(8). Suppose 5*x - 2 = 4*o + f*x, -o + 10 = 3*x. Give d(o).
3
Let d(j) = j**2 + j. Let f = 44 + -45. Calculate d(f).
0
Let c(v) = -v + 3. Let m(x) = x**3 + 4*x**2 - 6*x - 12. Let b be m(-5). Determine c(b).
10
Let v(u) = u**2 - 3*u + 7. Let n be v(3). Let o(b) = -b**3 + 4*b + 7. Let w(y) = 2*y**3 - 8*y - 13. Let p(j) = n*o(j) + 4*w(j). Calculate p(-2).
-3
Let v(l) be the second derivative of l**4/12 - l**3/3 - 3*l**2/2 - 23*l. Let a(o) = o**2 - 4*o - 1. Let i be a(5). Calculate v(i).
5
Let b be 4/2*(-5 - -7). Let t(n) = b*n**2 + 2 + 3*n**2 - 6*n**2 - 8*n + 2*n. What is t(3)?
-7
Let x = -1 + 1. Suppose y = -7*m + 3*m, -4*y - 4*m - 12 = x. Let f(a) = a**2 + 6*a - 3. Determine f(y).
-11
Let r(d) = 0*d - 5*d + 2*d**2 - d. Let b(w) = -w**2 + 6*w + 7. Let f be b(7). Suppose 5*n + 2*a - 24 = f, 20 = 3*n - 0*n + 4*a. What is r(n)?
8
Let q(o) = -o - 4. Let d be q(-2). Let p(r) = 5*r + 2. Let j(f) = -4*f - 2. Let b(t) = 6*j(t) + 5*p(t). Determine b(d).
-4
Let r(q) = -q - 1. Suppose 0*j = 3*j + 12. Let l be r(j). Let p(b) = 2*b - 6*b**3 - b + 4*b**l + 2*b**2. Calculate p(2).
-6
Let t be (-12)/9*-6*1. Suppose 0 = -2*x + 6*x - t. Let f(a) = -3*a**x + 2*a**2 + 2*a - 3*a - 1 + 2. Give f(-1).
1
Let x(p) = -p**2 + 10*p + 2. Suppose -2*k = 5*v - 5, v + 4*v = 5*k - 30. Calculate x(k).
27
Let h(x) = -2*x**3 - 4*x**2 + 7*x + 1. Let l(r) = r**3 + 2*r**2 - 3*r. Let t(c) = -3*h(c) - 5*l(c). What is t(-4)?
-11
Let y(x) = 4*x**2 + 10*x - 2. Let i(d) = 5*d**2 + 11*d - 4. Let t(u) = -3*i(u) + 4*y(u). Let j(m) = -5*m**2 + m - 1. Let f be j(1). Give t(f).
-6
Let l be (-21)/(-14)*(-16)/(-6). Suppose -q - k = -7 + 3, l*q + 2*k = 14. Let s(b) = 0 - 2*b**2 + b**q - 2 + 2. Calculate s(2).
0
Let y(d) = -d + 23. Let w(j) = -3. Let f(c) = 24*w(c) + 3*y(c). Suppose 3*s + 8 = 5*s. Suppose 2 = -s*q - 14. Determine f(q).
9
Let u(j) be the first derivative of -j**3/3 - j**2 - 2. Calculate u(-3).
-3
Let d(n) be the third derivative of -n**6/40 + n**5/30 + n**4/12 + n**3/6 + 23*n**2. What is d(-1)?
4
Let r(t) = t**2 + 8*t + 7. Let v(u) = u**2 - 5*u - 6. Let h be v(5). Give r(h).
-5
Let j be 3 + -2 + -1 + 1. Suppose 0 = 2*g - 5*g. Let i(f) = -f - 4*f**2 + g*f**2 - 5*f**2 + 4*f**2 + 1. What is i(j)?
-5
Let z(n) be the third derivative of n**4/24 - n**3/2 - 3*n**2. What is z(0)?
-3
Let h(x) be the third derivative of -2*x**2 + 1/60*x**5 + 0*x + 0*x**3 + 1/4*x**4 + 0. Let n = 9 + -15. Give h(n).
0
Let c(w) = w**2 - 6*w - 5. Let q be c(7). Suppose 0 = -q*u - 0*u - 8. Let z(t) = t**3 + 5*t**2 + 5*t + 2. What is z(u)?
-2
Let j(r) be the second derivative of -5*r**3/6 + r**2/2 - 3*r. Determine j(1).
-4
Let r = -6 + 6. Let x be (-1 - r)*(-11 + 8). Let p(d) = 3*d + 3*d + 2 - x*d - d. Give p(-4).
-6
Let i(k) = -k**3 - 33*k**2 - 63*k - 34. Let a be i(-31). Let b(s) = 2*s**3 + 3*s**2 - 3*s + 4. Give b(a).
-14
Let n(m) be the second derivative of -m**4/24 - 2*m**3/3 - m**2 - 2*m. Let b(y) be the first derivative of n(y). Let z be 8/(-20) - 4/(-10). Calculate b(z).
-4
Let g(a) = -a + 1. Let y(d) = -d + 11. Let t be y(9). Let j(f) = 5*f + 2*f**t - 3 - 2 - f**2. Let r be j(-5). Give g(r).
6
Let a(t) = 0*t**2 - t**3 - 5*t**2 - 3*t**2 + 9*t - 13 + 6. Calculate a(-9).
-7
Let i be -3*(4/12 - 1). Let z(c) = -c**2 - 4*c - 5. Let d(n) = 5*n**2 + 20*n + 26. Let h(w) = i*d(w) + 11*z(w). Calculate h(-3).
0
Let o be (4/(-6))/((-4)/18). Let z(v) = 2*v**3 + 4 - v + 3*v + v**2 - 3 - 8*v**o. What is z(-1)?
6
Let x(w) = w**3 - 9*w**2 + w - 9. Let b be x(9). Suppose b*d = 2*d + 2. Let f = 1 + d. Let p(t) = t**2 + t + 1. What is p(f)?
1
Suppose l + 1 + 0 = 0. Let w(s) = 4*s**3 - s - 1. What is w(l)?
-4
Let j be (-3)/((-6)/(-92)*-2). Let s = j - 16. Let u(f) = f - 7. Calculate u(s).
0
Let q(l) be the first derivative of l**3/3 + 3*l**2 + 6*l - 29. Calculate q(-4).
-2
Let q(u) = -u + 4*u**2 + 4*u**3 - 3*u**3 - 2*u**2 + 3. Suppose 0 = 2*y + 2 + 2. Let m = y + -1. Determine q(m).
-3
Suppose -4*s + 3*s = 0. Suppose s = 2*d + 6 + 4. Let z(g) be the third derivative of g**4/24 + 7*g**3/6 - 2*g**2. Determine z(d).
2
Let x(a) = -7*a - 7. Let w(r) = -6*r - 6. Let u(l) = -6*w(l) + 5*x(l). Suppose g + g - 10 = 0. Suppose 5*i + g + 5 = 0. What is u(i)?
-1
Let g(f) = -7*f**2 - 6*f + 5. Let q(d) = -10*d**2 - 9*d + 7. Let w(k) = 7*g(k) - 5*q(k). Give w(-4).
4
Suppose -4*x - 4 = -2*x. Let c(b) = -20*b - 16. Let f(g) = -4*g - 3. Let q(v) = 3*c(v) - 16*f(v). What is q(x)?
-8
Let n(t) = t**3 + 9*t**2 + 9*t + 8. Let l = 1 - 9. Determine n(l).
0
Let q = -9 + 5. Let s(t) = -3 - 4*t + 8*t**3 + 7*t - 9*t**3 - 3*t**2. Give s(q).
1
Let o = -39 - -55. Let b = o + -18. Let n(c) = -2*c**2 - c + 2. Give n(b).
-4
Let u(t) = -t**3 + 3*t**2 - 4*t + 3. Suppose -7*i + 6 = -5*i. Give u(i).
-9
Suppose -23 = 3*b - 2. Let h(f) = f**2 + 9*f + 3. Determine h(b).
-11
Let k(d) = d**3 - 3*d**2 - 2*d + 3. Let w = 15 + -13. Determine k(w).
-5
Let m(v) = 2*v**2 + 6*v + 2. Let o be (26 + -6)*6/8. Suppose -4*k - 1 = o. Calculate m(k).
10
Let x(l) = -1 + 3 - 4*l - 2*l. Determine x(-2).
14
Let j(i) be the first derivative of i**4/6 + i**3/3 - i**2 + 3*i - 3. Let a(r) be the first derivative of j(r). Give a(-2).
2
Let l(g) = g + 2. Let x be ((-10)/4 + 3)*10. Suppose 4*z + 20 = 5*k, 3*k + x*z - 6 = 6. Suppose -9 = -s + k*s. Determine l(s).
-1
Let h(y) = -y**3 - y**2 + 1. Let z(b) = 5*b**2 + 6*b. Let o(f) = h(f) - z(f). Calculate o(-5).
6
Let q(a) be the first derivative of 0*a - 2/3*a**3 - 5 - 2*a**2. Determine q(-3).
-6
Let o(m) be the second derivative of -m**3/3 + 2*m**2 + 12*m. Let h(k) = 4*k + 3*k + 10 + 0*k - 6*k. Let b be h(-5). Calculate o(b).
-6
Suppose -v = 0, -2*v - 4 = 2*l - 0*v. Let k(q) = -q + 1. Let c(m) = -10*m + 5. Let j(g) = -c(g) + 4*k(g). Calculate j(l).
-13
Suppose 2*i = 30 + 2. Let j be 12*(i/(-4))/(-12). Let u(c) be the third derivative of -c**4/24 - c**3/3 + c**2. What is u(j)?
-6
Let p(t) = -2*t - 12. Let x be p(-9). Let v be (-4)/x*(-150)/20. Let o(h) = -h**3 + 5*h**2 - 2. Calculate o(v).
-2
Let z = 15 + -19. Let l(i) be the third derivative of -i**6/120 - i**5/15 + i**4/24 + i**3/3 + i**2. Give l(z).
-2
Let n(t) = 4*t. Let p be n(1). Let k(u) = -1. Let o(q) = 3*q - 9. Let b(v) = p*k(v) - o(v). Determine b(6).
-13
Suppose 31 = -4*g - 5*a, -3*g - 4*a + 9*a = -3. Suppose 2*d + 2*d = 0. Let z = g + d. Let t(i) = 3*i + 5. Calculate t(z).
-7
Suppose o + 25 = 3*j, 2*j = j + 5. Let b be (1 - 0)*(o - -12). Let y(z) = -2*z - 1. Give y(b).
-5
Let t = -1 - -4. Let u(p) be the second derivative of -p**4/12 + 2*p**3/3 - 2*p**2 + 2*p. Let f be u(t). Let h(m) = -4*m**3 + m**2 - m - 1. Determine h(f).
5
Suppose 3*s + 2*s = -25. Let r(c) = c**2 + 4*c - 3. Let m be r(s). Suppose 2*f + m*f = 0. Let t(u) = -u - 5. Give t(f).
-5
Let l(d) be the third derivative of -d**6/40 + d**5/60 - d**4/12 + d**3/6 + d**2. Let v be l(1). Let r(t) = -t**3 - 2*t**2 + 3. What is r(v)?
12
Let z(x) = x**3 - x**2 - x + 3. Let o(i) = -i**3 - 5*i**2 - 5*i - 4. Let w be o(-4). Give z(w).
3
Let q(n) = -2*n**2. Let j = 9 + -7. Determine q(j).
-8
Let k(a) be the first derivative of -a - 2*a**2 + 4*a**2 + 3*a + 1 - 3*a. Calculate k(2).
7
Let b(t) = t**2 + 10*t + 10. Let g be b(-9). Let m(i) be the first derivative of -3*i**2 + i - 10. What is m(g)?
-5
Let i(v) = 4*v - 1. Let m = 1 - -1. Let h(t) = 5*t - 1 + 2 - m. Let b(s) = 2*h(s) - 3*i(s). Give b(2).
-3
Suppose -a = -5*a. Let l = 0 + a. Let q(d) = l*d + d**2 + 0 + 3*d - 1. Determine q(-2).
-3
Suppose 3*h + 15 = -4*g, 3*g + 0*g + h + 5 = 0. Suppose 0*v - 3*v - 4*c + 6 = g, -5*c = -5*v - 25. Let z(a) = 4 + a - 6 + 6. Calculate z(v).
2
Let b(g) = -g**3 - 6*g**2 - 5*g + 1. Suppose 0 = -2*s + i + 7, 5 = 3*i + 2. Suppose 2*n + 2 = s. Let k(w) = -5*w**3. Let v be k(n). Calculate b(v).
1
Let h(k) = -k**3 - 5*k**2 - 2*k + 2. Let o(t) = t**3 + 10*t**2 - 10*t + 7. Let y be o(-11). Calculate h(y).
-6
Let d(x) = 3*x. Suppose 0*p - 21 = -7*p. Let z(t) = -3 + 0 + 4 - 2*t. Let r(o) = p*d(o) + 4*z(o). Cal